{"id":1673,"date":"2026-01-02T17:19:05","date_gmt":"2026-01-02T16:19:05","guid":{"rendered":"https:\/\/esprelit.web.uah.es\/?page_id=1673"},"modified":"2026-04-15T11:53:30","modified_gmt":"2026-04-15T09:53:30","slug":"die-optimierer","status":"publish","type":"page","link":"https:\/\/esprelit.web.uah.es\/index.php\/die-optimierer\/","title":{"rendered":"Die Optimierer"},"content":{"rendered":"\n<!-- Fuentes: Inter (general) + Cardo (t\u00edtulos) -->\n<link href=\"https:\/\/fonts.googleapis.com\/css2?family=Inter:wght@400;500;600&#038;family=Cardo:wght@700&#038;display=swap\" rel=\"stylesheet\">\n<style>\n  .ficha-obra {\n    background-color: #f2f2f2; \/* gris clarito *\/\n    border-radius: 12px;\n    padding: 24px;\n    color: #222;\n    font-family: \"Inter\", sans-serif; \/* fuente general *\/\n    max-width: 1100px !important;\n    margin: 0 auto;\n    display: grid;\n    grid-template-columns: 300px 1fr; \/* izquierda | derecha *\/\n    gap: 24px;\n  }\n  \/* Columna izquierda *\/\n  .ficha-col-izq {\n    display: flex;\n    flex-direction: column;\n    gap: 14px;\n    max-width: 300px; \/* A\u00d1ADIDO: fija el ancho real de la columna *\/\n  }\n\/* A\u00d1ADIDO: blindaje total de la imagen *\/ \n.ficha-col-izq img.ficha-portada { \n    display: block; \n    width: 100%; \n    max-width: 100%; \n    height: auto; \n    object-fit: contain; \n  }\n.ficha-portada {\n    border-radius: 10px;\n    box-shadow: 0 2px 10px rgba(0,0,0,0.15);\n  }\n.ficha-meta {\n    background: rgba(255,255,255,0.55); \n    border-radius: 10px; \n    padding: 12px 14px; \n    line-height: 1.5; \n    font-size: 0.97rem;\n  }\n .ficha-meta p {\n    margin: 6px 0;\n  }\n \/* Columna derecha *\/\n  .ficha-col-der {\n    display: flex;\n    flex-direction: column;\n    gap: 18px;\n  }\n \/* T\u00edtulo y autora *\/\n  .ficha-titular h2 {\n    margin: 0 0 6px 0;\n    font-size: 2rem;\n    font-weight: 700;\n    font-style: normal;\n    color: #851414;\n    font-family: \"Cardo\", serif;\n  }\n.ficha-titular h3 {\n    margin: 0;\n    font-size: 1.35rem;\n    font-weight: 700;\n    color: #851414;\n    font-family: \"Cardo\", serif;\n  }\n \/* Bloques informativos *\/\n  .ficha-bloque {\n    background: rgba(255,255,255,0.6);\n    border-radius: 10px;\n    padding: 16px 18px;\n  }\n.ficha-bloque h4 {\n    margin: 0 0 8px 0;\n    font-size: 1.1rem;\n    font-weight: 700;\n    font-family: \"Cardo\", serif;\n    color: #851414;\n  }\n .ficha-bloque p {\n    margin: 0 0 10px 0;\n    line-height: 1.6;\n    font-size: 0.97rem;\n  }\n \/* Responsive *\/\n  @media (max-width: 900px) {\n    .ficha-obra {\n      grid-template-columns: 1fr;\n    }\n    .ficha-col-izq {\n      max-width: 100%;\n    }\n    .ficha-titular h2 { font-size: 1.7rem; }\n    .ficha-titular h3 { font-size: 1.2rem; }\n  }\n  .ficha-bloque,\n  .ficha-bloque p {\n    font-style: normal;\n}\n<\/style>\n<div class=\"ficha-obra\">\n  <!-- COLUMNA IZQUIERDA -->\n  <div class=\"ficha-col-izq\">\n    <img decoding=\"async\"\n      class=\"ficha-portada\"\n      src=\"https:\/\/esprelit.web.uah.es\/wp-content\/uploads\/2025\/12\/Die_Optimierer.jpg\" \n      alt=\"Portada de Die Optimierer\"\n      loading=\"lazy\"\n    >\n    <div class=\"ficha-meta\">\n       <p><strong>A\u00f1o de publicaci\u00f3n:<\/strong> 2017<\/p>\n       <p><strong>Editorial:<\/strong> Bastei L\u00fcbbe <\/p>\n       <p><strong>Traducciones:<\/strong> Sin traducciones.<\/p>\n    <\/div>\n  <\/div>\n  <!-- COLUMNA DERECHA -->\n  <div class=\"ficha-col-der\">\n    <div class=\"ficha-titular\">\n      <h2><em>Die Optimierer<\/em><\/h2>\n      <h3>Theresa Hannig<\/h3>\n    <\/div>\n    <!-- Bloque: Sobre la autora -->\n    <div class=\"ficha-bloque\">\n      <h4>Sobre la autora<\/h4>\n      <p>Theresa Hannig (M\u00fanich 1984) es una autora alemana especializada en ciencia ficci\u00f3n, ganadora de varios premios (el <strong>Steffan-L\u00fcbbe<\/strong> lo recibi\u00f3 precisamente por Die Optimierer; pero tambi\u00e9n tres veces el <strong>Seraph Premio de Literatura Fant\u00e1stica<\/strong>, el <strong>Tassilo<\/strong> y el <strong>Premio Krefeld para Literatura Fant\u00e1stica<\/strong>).<\/p>\n<p>En sus novelas narra mundos futuros dominados por la inteligencia artificial y por nuevas formas de coexistencia con la tecnolog\u00eda (con repercusiones sociales, \u00e9ticas y econ\u00f3micas), abordando tanto una posible evoluci\u00f3n de convivencia integradora (en Pantopia) como derivas totalitarias en las que la libertad, la solidaridad y otros valores humanistas son la primera v\u00edctima (Die Optimierer y su continuaci\u00f3n, Die Unvollkommenen).<\/p> \n    <\/div>\n    <!-- Bloque: Sobre la novela -->\n    <div class=\"ficha-bloque\">\n      <h4>Sobre la novela<\/h4>\n      <p>En el a\u00f1o 2052, la Rep\u00fablica Federal de Europa es un estado totalitario dominado por el as\u00ed llamado sistema de la \u201deconom\u00eda \u00f3ptima del bienestar\u201d. Un representante mod\u00e9lico de dicho sistema, el \u201casesor de vida\u201d Samson Freitag, est\u00e1 encargado de decidir qu\u00e9 funci\u00f3n le corresponde desempe\u00f1ar a cada ciudadano, o bien, si no resulta \u00fatil y productivo, destinarle a la \u201cvida contemplativa\u201d. Cuando una chica tratada por \u00e9l se suicida, empieza una espiral en la que, junto con otros factores, Freitag se ve arrastrado cada vez m\u00e1s al borde del sistema, perdiendo los puntos sociales, los privilegios que conllevas, y convirti\u00e9ndose en un ciudadano sospechoso, objeto del odio y de la suspicacia de sus conciudadanos.<\/p>\n    <\/div>\n  <\/div>\n<\/div>\n\n\n\n<hr class=\"wp-block-separator has-alpha-channel-opacity is-style-dots\"\/>\n\n\n\n<div class=\"wp-block-group alignwide is-layout-flow wp-block-group-is-layout-flow\">\n<h3 class=\"wp-block-heading has-text-align-center\">Relaci\u00f3n con EsPreLit<\/h3>\n\n\n\n<p class=\"desplazar-texto\">La situaci\u00f3n dentro o al margen de la sociedad va acompa\u00f1ada de un grado de vulnerabilidad y precariedad que se hace visible en la evoluci\u00f3n del protagonista, pero tambi\u00e9n en otros personajes secundarios que, al optar por no contribuir al sistema de control absoluto, se ven abocados a una existencia peligrosa. La influencia creciente de los robots no trae consigo, como se promueve oficialmente, una vida m\u00e1s confortable y relajada, sino una absolutizaci\u00f3n asfixiante del totalitarismo.<\/p>\n\n\n\n<hr class=\"wp-block-separator has-alpha-channel-opacity is-style-dots\"\/>\n\n\n\n<h3 class=\"wp-block-heading has-text-align-center\">Bibliograf\u00eda secundaria <\/h3>\n\n\n\n<p class=\"desplazar-texto\">Schmeink, Lars (2020):\u202f<em>Der optimierte Mensch: Versuch einer posthumanen Taxonomie in Theresa Hannigs Romanen<\/em>. In:\u202f<em>Zeitschrift f\u00fcr<\/em> <em>Fantastikforschung<\/em>, 7(2).\u202f<a href=\"https:\/\/doi.org\/10.16995\/zff.1893\" target=\"_blank\" rel=\"noreferrer noopener\">doi:10.16995\/zff.1893<\/a>\u00a0<\/p>\n\n\n\n<p class=\"desplazar-texto\">Ingo Cornils (2020):\u202f<em>Big Brother is watching us<\/em>. In: Ingo Cornils:\u202f<em>Beyond Tomorrow. German Science Fiction and Utopian Thought in the 20th and 21st Centuries<\/em>.\u00a0Reihe: Studies in German\u00a0Literature\u00a0Linguistics\u00a0and\u00a0Culture\u00a0Bd. 214. Camden House (Boydell\u00a0&amp; Brewer),\u00a0Martlesham,\u202f<a href=\"https:\/\/de.wikipedia.org\/wiki\/Spezial:ISBN-Suche\/9781640140356\" target=\"_blank\" rel=\"noreferrer noopener\">ISBN 978-1-64014-035-6<\/a>, 174\u2013176.<\/p>\n<\/div>\n\n\n\n<hr class=\"wp-block-separator has-alpha-channel-opacity is-style-dots\"\/>\n","protected":false},"excerpt":{"rendered":"<p>A\u00f1o de publicaci\u00f3n: 2017 Editorial: Bastei L\u00fcbbe Traducciones: Sin traducciones. Die Optimierer Theresa Hannig Sobre la autora Theresa Hannig (M\u00fanich 1984) es una autora alemana especializada en ciencia ficci\u00f3n, ganadora de varios premios (el Steffan-L\u00fcbbe lo recibi\u00f3 precisamente por Die Optimierer; pero tambi\u00e9n tres veces el Seraph Premio de Literatura Fant\u00e1stica, el Tassilo y el [&hellip;]<\/p>\n","protected":false},"author":2,"featured_media":0,"parent":0,"menu_order":0,"comment_status":"closed","ping_status":"closed","template":"","meta":{"footnotes":""},"class_list":["post-1673","page","type-page","status-publish","hentry"],"_links":{"self":[{"href":"https:\/\/esprelit.web.uah.es\/index.php\/wp-json\/wp\/v2\/pages\/1673","targetHints":{"allow":["GET"]}}],"collection":[{"href":"https:\/\/esprelit.web.uah.es\/index.php\/wp-json\/wp\/v2\/pages"}],"about":[{"href":"https:\/\/esprelit.web.uah.es\/index.php\/wp-json\/wp\/v2\/types\/page"}],"author":[{"embeddable":true,"href":"https:\/\/esprelit.web.uah.es\/index.php\/wp-json\/wp\/v2\/users\/2"}],"replies":[{"embeddable":true,"href":"https:\/\/esprelit.web.uah.es\/index.php\/wp-json\/wp\/v2\/comments?post=1673"}],"version-history":[{"count":4,"href":"https:\/\/esprelit.web.uah.es\/index.php\/wp-json\/wp\/v2\/pages\/1673\/revisions"}],"predecessor-version":[{"id":2330,"href":"https:\/\/esprelit.web.uah.es\/index.php\/wp-json\/wp\/v2\/pages\/1673\/revisions\/2330"}],"wp:attachment":[{"href":"https:\/\/esprelit.web.uah.es\/index.php\/wp-json\/wp\/v2\/media?parent=1673"}],"curies":[{"name":"wp","href":"https:\/\/api.w.org\/{rel}","templated":true}]}}

<!-- Fuentes: Inter (general) + Cardo (títulos) -->
<link href="https://fonts.googleapis.com/css2?family=Inter:wght@400;500;600&#038;family=Cardo:wght@700&#038;display=swap" rel="stylesheet">
<style>
  .ficha-obra {
    background-color: #f2f2f2; /* gris clarito */
    border-radius: 12px;
    padding: 24px;
    color: #222;
    font-family: "Inter", sans-serif; /* fuente general */
    max-width: 1100px !important;
    margin: 0 auto;
    display: grid;
    grid-template-columns: 300px 1fr; /* izquierda | derecha */
    gap: 24px;
  }
  /* Columna izquierda */
  .ficha-col-izq {
    display: flex;
    flex-direction: column;
    gap: 14px;
    max-width: 300px; /* AÑADIDO: fija el ancho real de la columna */
  }
/* AÑADIDO: blindaje total de la imagen */ 
.ficha-col-izq img.ficha-portada { 
    display: block; 
    width: 100%; 
    max-width: 100%; 
    height: auto; 
    object-fit: contain; 
  }
.ficha-portada {
    border-radius: 10px;
    box-shadow: 0 2px 10px rgba(0,0,0,0.15);
  }
.ficha-meta {
    background: rgba(255,255,255,0.55); 
    border-radius: 10px; 
    padding: 12px 14px; 
    line-height: 1.5; 
    font-size: 0.97rem;
  }
 .ficha-meta p {
    margin: 6px 0;
  }
 /* Columna derecha */
  .ficha-col-der {
    display: flex;
    flex-direction: column;
    gap: 18px;
  }
 /* Título y autora */
  .ficha-titular h2 {
    margin: 0 0 6px 0;
    font-size: 2rem;
    font-weight: 700;
    font-style: normal;
    color: #851414;
    font-family: "Cardo", serif;
  }
.ficha-titular h3 {
    margin: 0;
    font-size: 1.35rem;
    font-weight: 700;
    color: #851414;
    font-family: "Cardo", serif;
  }
 /* Bloques informativos */
  .ficha-bloque {
    background: rgba(255,255,255,0.6);
    border-radius: 10px;
    padding: 16px 18px;
  }
.ficha-bloque h4 {
    margin: 0 0 8px 0;
    font-size: 1.1rem;
    font-weight: 700;
    font-family: "Cardo", serif;
    color: #851414;
  }
 .ficha-bloque p {
    margin: 0 0 10px 0;
    line-height: 1.6;
    font-size: 0.97rem;
  }
 /* Responsive */
  @media (max-width: 900px) {
    .ficha-obra {
      grid-template-columns: 1fr;
    }
    .ficha-col-izq {
      max-width: 100%;
    }
    .ficha-titular h2 { font-size: 1.7rem; }
    .ficha-titular h3 { font-size: 1.2rem; }
  }
  .ficha-bloque,
  .ficha-bloque p {
    font-style: normal;
}
</style>
<div class="ficha-obra">
  <!-- COLUMNA IZQUIERDA -->
  <div class="ficha-col-izq">
    <img decoding="async"
      class="ficha-portada"
      src="https://esprelit.web.uah.es/wp-content/uploads/2025/12/Die_Optimierer.jpg" 
      alt="Portada de Die Optimierer"
      loading="lazy"
    >
    <div class="ficha-meta">
       <p><strong>Año de publicación:</strong> 2017</p>
       <p><strong>Editorial:</strong> Bastei Lübbe </p>
       <p><strong>Traducciones:</strong> Sin traducciones.</p>
    </div>
  </div>
  <!-- COLUMNA DERECHA -->
  <div class="ficha-col-der">
    <div class="ficha-titular">
      <h2><em>Die Optimierer</em></h2>
      <h3>Theresa Hannig</h3>
    </div>
    <!-- Bloque: Sobre la autora -->
    <div class="ficha-bloque">
      <h4>Sobre la autora</h4>
      <p>Theresa Hannig (Múnich 1984) es una autora alemana especializada en ciencia ficción, ganadora de varios premios (el <strong>Steffan-Lübbe</strong> lo recibió precisamente por Die Optimierer; pero también tres veces el <strong>Seraph Premio de Literatura Fantástica</strong>, el <strong>Tassilo</strong> y el <strong>Premio Krefeld para Literatura Fantástica</strong>).</p>
<p>En sus novelas narra mundos futuros dominados por la inteligencia artificial y por nuevas formas de coexistencia con la tecnología (con repercusiones sociales, éticas y económicas), abordando tanto una posible evolución de convivencia integradora (en Pantopia) como derivas totalitarias en las que la libertad, la solidaridad y otros valores humanistas son la primera víctima (Die Optimierer y su continuación, Die Unvollkommenen).</p> 
    </div>
    <!-- Bloque: Sobre la novela -->
    <div class="ficha-bloque">
      <h4>Sobre la novela</h4>
      <p>En el año 2052, la República Federal de Europa es un estado totalitario dominado por el así llamado sistema de la ”economía óptima del bienestar”. Un representante modélico de dicho sistema, el “asesor de vida” Samson Freitag, está encargado de decidir qué función le corresponde desempeñar a cada ciudadano, o bien, si no resulta útil y productivo, destinarle a la “vida contemplativa”. Cuando una chica tratada por él se suicida, empieza una espiral en la que, junto con otros factores, Freitag se ve arrastrado cada vez más al borde del sistema, perdiendo los puntos sociales, los privilegios que conllevas, y convirtiéndose en un ciudadano sospechoso, objeto del odio y de la suspicacia de sus conciudadanos.</p>
    </div>
  </div>
</div>



<hr class="wp-block-separator has-alpha-channel-opacity is-style-dots"/>



<div class="wp-block-group alignwide is-layout-flow wp-block-group-is-layout-flow">
<h3 class="wp-block-heading has-text-align-center">Relación con EsPreLit</h3>



<p class="desplazar-texto">La situación dentro o al margen de la sociedad va acompañada de un grado de vulnerabilidad y precariedad que se hace visible en la evolución del protagonista, pero también en otros personajes secundarios que, al optar por no contribuir al sistema de control absoluto, se ven abocados a una existencia peligrosa. La influencia creciente de los robots no trae consigo, como se promueve oficialmente, una vida más confortable y relajada, sino una absolutización asfixiante del totalitarismo.</p>



<hr class="wp-block-separator has-alpha-channel-opacity is-style-dots"/>



<h3 class="wp-block-heading has-text-align-center">Bibliografía secundaria </h3>



<p class="desplazar-texto">Schmeink, Lars (2020): <em>Der optimierte Mensch: Versuch einer posthumanen Taxonomie in Theresa Hannigs Romanen</em>. In: <em>Zeitschrift für</em> <em>Fantastikforschung</em>, 7(2). <a href="https://doi.org/10.16995/zff.1893" target="_blank" rel="noreferrer noopener">doi:10.16995/zff.1893</a> </p>



<p class="desplazar-texto">Ingo Cornils (2020): <em>Big Brother is watching us</em>. In: Ingo Cornils: <em>Beyond Tomorrow. German Science Fiction and Utopian Thought in the 20th and 21st Centuries</em>. Reihe: Studies in German Literature Linguistics and Culture Bd. 214. Camden House (Boydell &amp; Brewer), Martlesham, <a href="https://de.wikipedia.org/wiki/Spezial:ISBN-Suche/9781640140356" target="_blank" rel="noreferrer noopener">ISBN 978-1-64014-035-6</a>, 174–176.</p>
</div>



<hr class="wp-block-separator has-alpha-channel-opacity is-style-dots"/>

<p>Año de publicación: 2017 Editorial: Bastei Lübbe Traducciones: Sin traducciones. Die Optimierer Theresa Hannig Sobre la autora Theresa Hannig (Múnich 1984) es una autora alemana especializada en ciencia ficción, ganadora de varios premios (el Steffan-Lübbe lo recibió precisamente por Die Optimierer; pero también tres veces el Seraph Premio de Literatura Fantástica, el Tassilo y el [&hellip;]</p>
