{"id":161,"date":"2025-06-03T17:35:19","date_gmt":"2025-06-03T15:35:19","guid":{"rendered":"https:\/\/esprelit.web.uah.es\/wp\/?page_id=161"},"modified":"2026-03-19T11:11:22","modified_gmt":"2026-03-19T10:11:22","slug":"nuestro-proyecto","status":"publish","type":"page","link":"https:\/\/esprelit.web.uah.es\/index.php\/nuestro-proyecto\/","title":{"rendered":"Escenarios de precariedad, violencia y vulnerabilidad en la literatura actual en lengua alemana"},"content":{"rendered":"\n<div class=\"wp-block-group alignfull is-layout-flow wp-block-group-is-layout-flow\">\n<div class=\"wp-block-cover\"><img loading=\"lazy\" decoding=\"async\" width=\"1024\" height=\"683\" class=\"wp-block-cover__image-background wp-image-1065 size-large\" alt=\"\" src=\"https:\/\/esprelit.web.uah.es\/wp-content\/uploads\/2025\/07\/ChatGPT-Image-24-jun-2025-08_40_00--1024x683.png\" data-object-fit=\"cover\" srcset=\"https:\/\/esprelit.web.uah.es\/wp-content\/uploads\/2025\/07\/ChatGPT-Image-24-jun-2025-08_40_00--1024x683.png 1024w, https:\/\/esprelit.web.uah.es\/wp-content\/uploads\/2025\/07\/ChatGPT-Image-24-jun-2025-08_40_00--300x200.png 300w, https:\/\/esprelit.web.uah.es\/wp-content\/uploads\/2025\/07\/ChatGPT-Image-24-jun-2025-08_40_00--768x512.png 768w, https:\/\/esprelit.web.uah.es\/wp-content\/uploads\/2025\/07\/ChatGPT-Image-24-jun-2025-08_40_00-.png 1536w\" sizes=\"auto, (max-width: 1024px) 100vw, 1024px\" \/><span aria-hidden=\"true\" class=\"wp-block-cover__background has-contrast-2-background-color has-background-dim\"><\/span><div class=\"wp-block-cover__inner-container has-global-padding is-layout-constrained wp-block-cover-is-layout-constrained\">\n<div class=\"wp-block-group alignfull has-global-padding is-layout-constrained wp-container-core-group-is-layout-32a46761 wp-block-group-is-layout-constrained\" style=\"margin-top:0;margin-bottom:0;padding-top:var(--wp--preset--spacing--40);padding-right:var(--wp--preset--spacing--50);padding-bottom:var(--wp--preset--spacing--40);padding-left:var(--wp--preset--spacing--50)\">\n<h2 class=\"wp-block-heading alignwide has-text-align-center sombra has-accent-3-color has-text-color has-link-color wp-elements-c18e308277b975ee3ec539c8d7167e23\" style=\"font-size:clamp(1.743rem, 1.743rem + ((1vw - 0.2rem) * 2.095), 3rem);\"><strong>Escenarios de precariedad, violencia y vulnerabilidad en la literatura actual en lengua alemana<\/strong><\/h2>\n\n\n\n<div style=\"height:7px\" aria-hidden=\"true\" class=\"wp-block-spacer\"><\/div>\n\n\n\n<div class=\"wp-block-columns alignwide sombra is-layout-flex wp-container-core-columns-is-layout-87beb0d0 wp-block-columns-is-layout-flex\">\n<div class=\"wp-block-column is-layout-flow wp-block-column-is-layout-flow\">\n<p class=\"justificar has-medium-font-size\">En un contexto global afectado por conflictos b\u00e9licos, crisis migratorias, desigualdades estructurales y transformaciones sociopol\u00edticas, la narrativa literaria se presenta como un espacio privilegiado para representar y cuestionar los escenarios de precariedad, violencia y vulnerabilidad que marcan nuestras sociedades actuales y plantear nuevas configuraciones sociales.<\/p>\n\n\n\n<div style=\"height:8px\" aria-hidden=\"true\" class=\"wp-block-spacer\"><\/div>\n\n\n\n<p class=\"justificar has-medium-font-size\">Nuestro proyecto parte de la hip\u00f3tesis de que la narrativa actual en alem\u00e1n no solo muestra estas realidades, sino que las problematiza, visibiliza sus efectos y explora sus causas desde m\u00faltiples perspectivas.<\/p>\n<\/div>\n\n\n\n<div class=\"wp-block-column is-layout-flow wp-block-column-is-layout-flow\">\n<p class=\"justificar\">Analizamos un corpus de obras publicadas desde 1989 que abordan temas como el exilio, la migraci\u00f3n, el trauma o la exclusi\u00f3n con el objetivo de identificar c\u00f3mo se articula lo precario en la ficci\u00f3n literaria y qu\u00e9 propuestas cr\u00edticas se sugieren<\/p>\n\n\n\n<p class=\"justificar has-medium-font-size\">Una de las l\u00edneas clave del proyecto es la atenci\u00f3n a la vulnerabilidad asociada al g\u00e9nero y a las respuestas sociales ante la inmigraci\u00f3n. Buscamos tambi\u00e9n establecer conexiones entre distintas formas de vulnerabilidad como el g\u00e9nero, la pobreza, la raza, la marginaci\u00f3n cultural o la p\u00e9rdida del hogar, entendidas no como categor\u00edas aisladas, sino como realidades entrelazadas que se potencian mutuamente y conforman un entramado de vulnerabilidades. <\/p>\n<\/div>\n<\/div>\n\n\n\n<div style=\"height:20px\" aria-hidden=\"true\" class=\"wp-block-spacer\"><\/div>\n\n\n\n<div class=\"wp-block-group alignwide is-layout-flow wp-block-group-is-layout-flow\">\n<p class=\"has-text-align-center sombra has-accent-3-color has-text-color has-link-color wp-elements-529e1ee4decd2fe3596b871c87ce1b54\" style=\"font-size:clamp(0.875rem, 0.875rem + ((1vw - 0.2rem) * 0.208), 1rem);\"><strong>Financiado por la Comunidad de Madrid a trav\u00e9s de la convocatoria de la l\u00ednea de doctores emergentes dentro del convenio entre la Comunidad de Madrid y la Universidad de Alcal\u00e1 para el fomento y la promoci\u00f3n de la investigaci\u00f3n y la transferencia de tecnolog\u00eda (2023\u20132026)<\/strong><\/p>\n<\/div>\n<\/div>\n<\/div><\/div>\n<\/div>\n\n\n\n<div class=\"wp-block-group alignfull has-accent-5-background-color has-background has-global-padding is-layout-constrained wp-container-core-group-is-layout-669513ed wp-block-group-is-layout-constrained\" style=\"margin-top:0;margin-bottom:0;padding-top:var(--wp--preset--spacing--50);padding-right:var(--wp--preset--spacing--50);padding-bottom:var(--wp--preset--spacing--50);padding-left:var(--wp--preset--spacing--50)\">\n<div class=\"wp-block-group alignwide has-global-padding is-layout-constrained wp-container-core-group-is-layout-dbd10cbe wp-block-group-is-layout-constrained\" style=\"min-height:0px;padding-right:0;padding-left:0\">\n<h2 class=\"wp-block-heading has-text-align-center is-style-asterisk\">Nuestros objetivos<\/h2>\n\n\n\n<div style=\"height:1.25rem\" aria-hidden=\"true\" class=\"wp-block-spacer\"><\/div>\n\n\n\n<p class=\"has-text-align-center\" style=\"margin-top:0;margin-right:0;margin-bottom:0;margin-left:0;padding-top:0;padding-right:0;padding-bottom:0;padding-left:0\">Nuestra hip\u00f3tesis es que la narrativa actual en lengua alemana reproduce, plantea y analiza escenarios de precariedad y violencia en contextos de desigualdad y pone de manifiesto la vulnerabilidad del ser humano y la fragilidad de las sociedades.<\/p>\n<\/div>\n\n\n\n<div style=\"margin-top:0;margin-bottom:0;height:var(--wp--preset--spacing--40)\" aria-hidden=\"true\" class=\"wp-block-spacer\"><\/div>\n\n\n\n<div class=\"wp-block-columns alignwide is-layout-flex wp-container-core-columns-is-layout-28f84493 wp-block-columns-is-layout-flex\">\n<div class=\"wp-block-column is-layout-flow wp-block-column-is-layout-flow\">\n<h3 class=\"wp-block-heading has-text-align-left is-style-asterisk has-body-font-family has-medium-font-size\" style=\"font-style:normal;font-weight:600;line-height:1.5\">Fomentar la reflexi\u00f3n y el debate social y acad\u00e9mico<\/h3>\n\n\n\n<p>Impulsamos una reflexi\u00f3n profunda sobre los desaf\u00edos actuales del mundo y de nuestra identidad combinando el an\u00e1lisis acad\u00e9mico con actividades de divulgaci\u00f3n dirigidas al p\u00fablico general.<\/p>\n<\/div>\n\n\n\n<div class=\"wp-block-column is-layout-flow wp-block-column-is-layout-flow\">\n<h3 class=\"wp-block-heading has-text-align-left is-style-asterisk has-body-font-family has-medium-font-size\" style=\"font-style:normal;font-weight:600;line-height:1.5\">Estudiar c\u00f3mo la literatura representa la precariedad, la violencia y la vulnerabilidad<\/h3>\n\n\n\n<p>Analizamos obras narrativas que abordan estos temas para entender c\u00f3mo son expresados a trav\u00e9s de espacios, s\u00edmbolos, estructuras narrativas y enfoques est\u00e9ticos.<\/p>\n<\/div>\n\n\n\n<div class=\"wp-block-column is-layout-flow wp-block-column-is-layout-flow\">\n<h3 class=\"wp-block-heading has-text-align-left is-style-asterisk has-body-font-family has-medium-font-size\" style=\"font-style:normal;font-weight:600;line-height:1.5\">Dar a conocer la literatura contempor\u00e1nea en alem\u00e1n<\/h3>\n\n\n\n<p>Nuestro proyecto destaca textos literarios actuales escritos en alem\u00e1n que ofrecen miradas cr\u00edticas sobre las realidades sociales de hoy en d\u00eda.<\/p>\n<\/div>\n<\/div>\n\n\n\n<div style=\"height:var(--wp--preset--spacing--20)\" aria-hidden=\"true\" class=\"wp-block-spacer\"><\/div>\n\n\n\n<div class=\"wp-block-columns alignwide is-layout-flex wp-container-core-columns-is-layout-28f84493 wp-block-columns-is-layout-flex\">\n<div class=\"wp-block-column is-layout-flow wp-block-column-is-layout-flow\">\n<h3 class=\"wp-block-heading has-text-align-left is-style-asterisk has-body-font-family has-medium-font-size\" style=\"font-style:normal;font-weight:600;line-height:1.5\">Relacionar la literatura con los Objetivos de Desarrollo Sostenible <\/h3>\n\n\n\n<p>Nos alineamos con la Agenda 2030 de la ONU, especialmente con los ODS n\u00ba 10 (Reducci\u00f3n de las desigualdades) y n\u00ba 16 (Paz, justicia e instituciones s\u00f3lidas).<\/p>\n<\/div>\n\n\n\n<div class=\"wp-block-column is-layout-flow wp-block-column-is-layout-flow\">\n<h3 class=\"wp-block-heading has-text-align-left is-style-asterisk has-body-font-family has-medium-font-size\" style=\"font-style:normal;font-weight:600;line-height:1.5\">Detectar cr\u00edticas y propuestas de cambio desde la ficci\u00f3n<\/h3>\n\n\n\n<p>Investigamos c\u00f3mo las obras literarias formulan cr\u00edticas a las estructuras de poder y qu\u00e9 alternativas imaginan para fomentar la igualdad, la paz, la justicia y la creaci\u00f3n de instituciones s\u00f3lidas.<\/p>\n<\/div>\n<\/div>\n\n\n\n<div style=\"height:var(--wp--preset--spacing--20)\" aria-hidden=\"true\" class=\"wp-block-spacer\"><\/div>\n\n\n\n<div class=\"wp-block-columns alignwide is-layout-flex wp-container-core-columns-is-layout-28f84493 wp-block-columns-is-layout-flex\">\n<div class=\"wp-block-column is-layout-flow wp-block-column-is-layout-flow\">\n<h3 class=\"wp-block-heading has-text-align-left is-style-asterisk has-body-font-family has-medium-font-size\" style=\"font-style:normal;font-weight:600;line-height:1.5\">Hacer hincapi\u00e9 en la vulnerabilidad asociada al g\u00e9nero y la migraci\u00f3n<\/h3>\n\n\n\n<p>Prestamos especial atenci\u00f3n a c\u00f3mo la literatura aborda la vulnerabilidad vinculada al g\u00e9nero, as\u00ed como a las reacciones de la sociedad germanoparlante ante la migraci\u00f3n. Adem\u00e1s, buscamos identificar intersecciones y sinergias entre diferentes formas de vulnerabilidad.<\/p>\n<\/div>\n\n\n\n<div class=\"wp-block-column is-layout-flow wp-block-column-is-layout-flow\">\n<h3 class=\"wp-block-heading has-text-align-left is-style-asterisk has-body-font-family has-medium-font-size\" style=\"font-style:normal;font-weight:600;line-height:1.5\">Difundir los resultados a la comunidad cient\u00edfica y a la sociedad<\/h3>\n\n\n\n<p>A trav\u00e9s de publicaciones, congresos, jornadas y las redes sociales compartimos los avances y hallazgos del proyecto con distintos p\u00fablicos.<\/p>\n<\/div>\n<\/div>\n\n\n\n<div style=\"height:38px\" aria-hidden=\"true\" class=\"wp-block-spacer\"><\/div>\n\n\n\n<hr class=\"wp-block-separator has-alpha-channel-opacity is-style-dots\"\/>\n<\/div>\n","protected":false},"excerpt":{"rendered":"<p>Nuestros objetivos Nuestra hip\u00f3tesis es que la narrativa actual en lengua alemana reproduce, plantea y analiza escenarios de precariedad y violencia en contextos de desigualdad y pone de manifiesto la vulnerabilidad del ser humano y la fragilidad de las sociedades. Fomentar la reflexi\u00f3n y el debate social y acad\u00e9mico Impulsamos una reflexi\u00f3n profunda sobre los [&hellip;]<\/p>\n","protected":false},"author":1,"featured_media":0,"parent":0,"menu_order":0,"comment_status":"closed","ping_status":"closed","template":"page-no-title","meta":{"footnotes":""},"class_list":["post-161","page","type-page","status-publish","hentry"],"_links":{"self":[{"href":"https:\/\/esprelit.web.uah.es\/index.php\/wp-json\/wp\/v2\/pages\/161","targetHints":{"allow":["GET"]}}],"collection":[{"href":"https:\/\/esprelit.web.uah.es\/index.php\/wp-json\/wp\/v2\/pages"}],"about":[{"href":"https:\/\/esprelit.web.uah.es\/index.php\/wp-json\/wp\/v2\/types\/page"}],"author":[{"embeddable":true,"href":"https:\/\/esprelit.web.uah.es\/index.php\/wp-json\/wp\/v2\/users\/1"}],"replies":[{"embeddable":true,"href":"https:\/\/esprelit.web.uah.es\/index.php\/wp-json\/wp\/v2\/comments?post=161"}],"version-history":[{"count":162,"href":"https:\/\/esprelit.web.uah.es\/index.php\/wp-json\/wp\/v2\/pages\/161\/revisions"}],"predecessor-version":[{"id":1360,"href":"https:\/\/esprelit.web.uah.es\/index.php\/wp-json\/wp\/v2\/pages\/161\/revisions\/1360"}],"wp:attachment":[{"href":"https:\/\/esprelit.web.uah.es\/index.php\/wp-json\/wp\/v2\/media?parent=161"}],"curies":[{"name":"wp","href":"https:\/\/api.w.org\/{rel}","templated":true}]}}